w = 68 - -115. Let k = a - w. What are the prime factors of k?
199
Suppose -3*f + 5 = d, f - 9 = -2*d - 2*d. Let t be 5 - d/1 - (-3)/3. Suppose -t*c = -250 + 78. What are the prime factors of c?
43
Suppose -32*p = -30*p. Let s(x) = p*x + 3*x + 9 + 6*x. What are the prime factors of s(3)?
2, 3
Suppose 0 = -3*d - 5*q + 1497, 2*d - 4*q + 260 = 1280. Let g = d - 82. What are the prime factors of g?
2, 211
Let b(j) = -986*j + 236. List the prime factors of b(-4).
2, 5, 11, 19
Suppose 0 = 10*w + 12*w - 600924 - 234592. List the prime factors of w.
2, 17, 1117
Suppose -4*u - 4*r = -316, -u - 244 = -4*u + 4*r. Let q(h) = -h + 2*h - 21 + u + h. What are the prime factors of q(0)?
59
Let d(t) = 31*t**3 + 5*t**2 + 5*t - 44. List the prime factors of d(7).
3, 3623
Let p be 3080/14*(5 - -1). Let k = -894 + p. What are the prime factors of k?
2, 3, 71
Suppose 6854 = 2*l + 4*n, -15*l + 16*l - 4*n - 3409 = 0. List the prime factors of l.
11, 311
Suppose 3*l + 4*q = -8, -2*q = 5*l + 89 - 85. Suppose b - 257 = 2*y, 0 = -2*b - l*b + 5*y + 509. What are the prime factors of b?
3, 89
Suppose 7*d + 980 + 1106 = 0. Let z = d - -469. List the prime factors of z.
3, 19
Suppose -2*x = v - 66 + 408, -2*x = 5*v + 326. Let d be (14 + -17)*x/3. Suppose 2*m - 186 = -5*p - 73, 0 = -3*m - 4*p + d. List the prime factors of m.
59
Let d(h) = -h**3 - 15*h**2 + 20*h - 14. Let b(s) = -s**3 - s**2 - s. Let m(o) = -3*b(o) + d(o). List the prime factors of m(8).
2, 3, 71
Let t = -79 + 127. Suppose -6*g = 2*g - t. Suppose g*v = 272 + 652. What are the prime factors of v?
2, 7, 11
Suppose 2*a = 4*q + 4*a - 292, 2*q - 146 = -2*a. Suppose -151*g + 1920 = -10915. Let f = g + q. List the prime factors of f.
2, 79
Suppose 0 = 2*o - 0*o - 3*z - 112, -4*o + 210 = z. Suppose 48*i + 1025 = o*i. What are the prime factors of i?
5, 41
Let d(j) = 672*j**2 + 8*j - 26. Let v be d(-6). Suppose 30*f - v = -f. List the prime factors of f.
2, 389
What are the prime factors of (-1350675)/290*(-3 + 51/(-5))?
3, 11, 23
Let v(d) = -139*d - 17 + 15*d + 7 + 45 - 286*d. What are the prime factors of v(-2)?
3, 5, 19
Let w(c) = 3203*c**2 + 26*c - 49. List the prime factors of w(2).
5, 11, 233
Suppose d - 4*d - 543 = 0. Let j = 47 + -150. Let w = j - d. What are the prime factors of w?
2, 3, 13
Let c(r) be the third derivative of -r**4/3 - 2*r**3/3 + 573*r**2. Let g(p) = 2*p**3 + p**2 - 2*p + 1. Let u be g(-2). List the prime factors of c(u).
2, 13
Let q(v) = v**2 - 11*v - 21. Let l = -56 + 69. Let c be q(l). Suppose 118 = -c*z + 358. List the prime factors of z.
2, 3
Suppose 8*z - 127 - 113 = 0. List the prime factors of ((-228)/(-10))/((-51)/z + 2).
2, 19
Let h = 9191 + -5837. List the prime factors of h.
2, 3, 13, 43
Let z(b) = -853*b + 1745. List the prime factors of z(-15).
2, 5, 727
Let a = -9415 + 25889. What are the prime factors of a?
2, 8237
Let t = 1629 - 384. Let x = t + 209. List the prime factors of x.
2, 727
Let s = -11 + 13. Let h(w) = 8*w + 15*w**s + 3 - 6*w**2 - 8*w**2. What are the prime factors of h(8)?
131
Let d(h) = 16*h**3 + 35*h**2 - 112*h + 19. List the prime factors of d(8).
3, 5, 7, 13
Suppose -30*o + 92*o = 196664. List the prime factors of o.
2, 13, 61
Let m = -11 - -16. Suppose m*p - 296 = -8*j + 7*j, 3*p - 300 = -j. What are the prime factors of j?
2, 3, 17
Let q(d) be the second derivative of -27*d**5/20 - d**4/6 + d**3/3 + 41*d. List the prime factors of q(-2).
2, 3, 17
Let g(d) = -3*d + 61 - 21 + 62 + 9*d + 68. What are the prime factors of g(19)?
2, 71
Suppose -o - 7 = 4*y + 26, 3*y - o = -30. Let s(l) = l**3 + 8*l**2 - 8*l + 11. Let t be s(y). Suppose -11*m = -t*m - 1413. What are the prime factors of m?
157
Suppose 2*h + 3*h = 10. Let c(g) = -2*g**3 - 8*g**2 - 5*g - 21. Let b be c(-6). Let o = b - h. List the prime factors of o.
151
Suppose 4*d + 2*j = 5*j + 19, -5*d - 5*j = -15. Suppose -d*p - 20 = -5*p. List the prime factors of ((-58)/(-5))/(4/p).
2, 29
Suppose 25*r + 15*r - 179840 = 0. Suppose -m - r = -9*m. What are the prime factors of m?
2, 281
Suppose 2*i = -3*h + 10249, -5*i + 25626 = 8*h - 4*h. What are the prime factors of i?
2, 11, 233
Suppose 0 = -2*d + 11*d - 126. Let q(a) = 3*a**3 - d + 6*a**3 - 13 - a - 5*a**2 + 19. What are the prime factors of q(3)?
11, 17
Suppose -5*c + 3*v = -24, -2*v + 3 = 3*c - 0*v. Suppose -2*d + c*u - 1 = -3*d, -4*d + 44 = 2*u. Let f = d - 11. List the prime factors of f.
2
Suppose 5*v - 23 = -2*y, -3*v = 4*y - 8 - 17. Let a(n) = -5*n**2 - 72 - 3*n**2 + 5*n + 3*n**v + 4*n**2 + 59. List the prime factors of a(4).
3, 5
Suppose 99*b - 1081168 - 1566067 = 2029426. What are the prime factors of b?
97, 487
Let k(u) = -2*u**2 - 27*u + 22. Let j be k(-14). Suppose 2*h + 11*c = j*c + 1082, -1623 = -3*h - 4*c. What are the prime factors of h?
541
Let y(b) = -b**3 + 19*b**2 - 12*b - 17. Let o be y(16). Let k = o + -105. What are the prime factors of k?
2, 227
Let z(g) = 2334*g - 19986. List the prime factors of z(14).
2, 3, 5, 47
Let z(k) = -k**3 - 23*k**2 + 48*k + 55. Let b = 284 - 309. What are the prime factors of z(b)?
3, 5, 7
Suppose 48720 = 3*m + 8544. Suppose -61*v + 25*v = -m. What are the prime factors of v?
2, 3, 31
What are the prime factors of (-3 + -14 + 78)/((-3)/(-699))?
61, 233
Suppose 3*i + 3*k = -14981 + 63317, -80572 = -5*i - 2*k. List the prime factors of i.
2, 3, 17, 79
Suppose -20 + 8 = -4*r. Let n be ((-2)/r)/((-2)/(-60)). List the prime factors of ((-142)/3)/(n/90).
3, 71
Suppose 117 = 25*s - 8. Suppose s*m - 6330 = -10*m. What are the prime factors of m?
2, 211
Suppose 11*z = -17*z + 11200. Suppose 3*h + z = 2149. What are the prime factors of h?
11, 53
Let w(i) = -i**3 - 12*i**2 - 31*i - 8. Let g = -91 + 82. What are the prime factors of w(g)?
2, 7
Let p = -3804 + 13274. List the prime factors of p.
2, 5, 947
Let x be ((0/(-5))/(3*1))/2. Suppose 40 = -5*o - j, 1 = o + 2*j - x. Let i(m) = -10*m + 37. List the prime factors of i(o).
127
Let o be 15/(-6)*48/(-5). Let p be o/36 - 2/(-6). What are the prime factors of ((-308)/16)/p*(-11 - -3)?
2, 7, 11
Let d = 154 + -107. Let o(j) = 16*j**3 + j**2 + 2*j + 1. Let h be o(2). Let n = h - d. What are the prime factors of n?
2, 3, 5
Suppose -2643 = -2*l - n + 4*n, 5*l - 6605 = 5*n. Let d = l + -891. What are the prime factors of d?
3, 11, 13
Suppose -3*b = -2*d - 4*b + 1, 3*b + 9 = 0. Let o be (1/d)/((-1)/(-12)). Suppose 4*f = o*f - 182. What are the prime factors of f?
7, 13
Suppose -77*u - 24999 = -32*u - 615309. List the prime factors of u.
2, 7, 937
Suppose 10*c = 9*c + 5. Suppose 430 = c*s - 715. Suppose 789 = 7*t + s. List the prime factors of t.
2, 5
Suppose 4*w = 0, -31*t - 5*w = -27*t - 12416. List the prime factors of t.
2, 97
Suppose 3473673 + 2976393 = 163*a - 37*a. List the prime factors of a.
7, 71, 103
Let j = -116 + 114. Let k be 2/2 - (j - -3). Suppose k = 4*q - 110 - 334. List the prime factors of q.
3, 37
Suppose -m = 4*i - 0*m + 4, 4 = 4*i - m. Suppose -5*a + 4*g = -175, 3*a - 5*g = -i*a + 92. What are the prime factors of a?
3, 13
Suppose -5*d = -108965 + 18330. What are the prime factors of d?
18127
Suppose -20*h + 32717 = -40283. Suppose 4*x + 2919 = 8*x - t, t + h = 5*x. What are the prime factors of x?
17, 43
Let w = 1368 - 541. Let x = 565 + w. List the prime factors of x.
2, 3, 29
Let p = 2983 + -1801. Suppose -4174 = -8*v - p. List the prime factors of v.
2, 11, 17
Let w(s) be the second derivative of s**5/20 + 5*s**4/12 - 2*s**2 - 7*s + 2. Let g = 70 + -74. What are the prime factors of w(g)?
2, 3
Let t be (-3230)/40*(-15 - 1). Suppose 21*n = 7004 - t. List the prime factors of n.
2, 17
Suppose 13*i - 281074 = 242347 + 388. What are the prime factors of i?
3, 11, 37
Suppose 0 = 64*n + 7*n - 213927 - 472501. What are the prime factors of n?
2, 2417
Let i(c) = c**3 - 4*c**2 + 3*c - 456. Let t(a) = -a**3 + 3*a**2 - a + 455. Let u(m) = 2*i(m) + 3*t(m). What are the prime factors of u(0)?
3, 151
Let c(g) = 19*g**2 - 25*g + 67. What are the prime factors of c(24)?
29, 359
Suppose -10 = 5*n, f + 0*n - 2 = n. Suppose f = 9*h + 26 + 973. Let b = 240 + h. What are the prime factors of b?
3, 43
Let y = -5 - -6. Let d(n) = 9*n - y - 4 - 8 - 1. List the prime factors of d(4).
2, 11
Let i(j) = 30*j**2 - 25*j + 32. What are the prime factors of i(23)?
3, 13, 131
